mon factor of x and p.
1
Let x = -43 + 65. Let s(n) = -2*n - 3. Let a be s(-7). Calculate the greatest common factor of x and a.
11
Let v(s) = 12*s - 48. Let b be v(7). Calculate the greatest common divisor of 48 and b.
12
Suppose 0 = -5*w + 37 + 513. Suppose 7 = -2*d + 1. Let z(t) = -2*t**3 - 5*t**2 - 3*t + 4. Let g be z(d). What is the highest common divisor of w and g?
22
Let x = 6 - -5. Calculate the greatest common divisor of 77 and x.
11
Let q = 105 - 74. Let b = q + -20. Let a(t) = 2*t - 3. Let j be a(2). Calculate the greatest common factor of j and b.
1
Let g = 44 + -4. Calculate the highest common factor of 100 and g.
20
Let x = -74 - -86. Suppose -54 = -b - 2*b. Calculate the highest common divisor of b and x.
6
Let x(t) = -t**3 + 5*t**2 + 16. Let r be x(5). Let n be (-3)/(2 - 44/r). Calculate the highest common factor of 16 and n.
4
Suppose -b - 408 + 1952 = 4*t, 373 = t - 3*b. Suppose 3*w = -2*w + t. Calculate the highest common factor of 11 and w.
11
Suppose 7*k - 2*k - 180 = -2*y, 0 = -4*k + 5*y + 144. Calculate the greatest common divisor of k and 12.
12
Suppose -4*t + 3*z - 5 = 1, -5*t - 2 = -z. Suppose t = -2*x + o + 17, x - 1 - 2 = -5*o. What is the greatest common factor of 8 and x?
8
Suppose 0 = -b - 1 + 13. What is the highest common factor of 6 and b?
6
Let z = 4 + 5. Let i be 3/(-9) + 363/z. What is the greatest common factor of 20 and i?
20
Let k be ((-1)/3)/((-1)/6). Let r = -4 + k. Let v be (60/3 + r)/1. Calculate the greatest common factor of 12 and v.
6
Suppose -q = 6*q - 672. Calculate the greatest common divisor of 24 and q.
24
Let c(u) = -u**2 + 4 + u**2 + 3*u**2 + u + 2*u. Let k be c(-4). Calculate the greatest common divisor of k and 4.
4
Let v be 188/(-20) - (-4)/10. Let d = 9 - v. What is the highest common factor of 12 and d?
6
Let v = 86 - 50. Let z be (-6 + 4)/(1/(-6)). Let h = 36 - z. What is the greatest common factor of h and v?
12
Suppose 4*c + 2*v - 56 = 0, -5*c + 44 = -c - v. What is the highest common divisor of c and 12?
12
Suppose 4*r = 2*r + 4. Suppose b + 77 = r*b. What is the greatest common divisor of 11 and b?
11
Let b be 4/(-2)*(-4 + 2). Suppose d = 3*o + 48, b*o - 19 = -3. Calculate the highest common divisor of 20 and d.
20
Suppose 4*d = 3*i + 77, -5*d + i - 6*i + 105 = 0. Suppose 4*h - 12 = -0*h. Suppose 9 = 3*o + h. What is the greatest common divisor of d and o?
2
Let j be 1/(4*(-4)/(-1248)). Suppose q + j = 3*t, 5*t - 4*q = 50 + 73. Calculate the highest common factor of t and 3.
3
Let i(v) = -v - 197. Let t be i(0). Let p = t - -314. Let y be (2 - 0)*(-26)/(-4). What is the highest common factor of p and y?
13
Suppose -5*q + 244 - 79 = 0. Let o(x) = 26*x - 4. Let h be o(1). What is the highest common factor of q and h?
11
Suppose -3*l + 87 = -45. What is the greatest common divisor of 11 and l?
11
Let s be ((-12)/14)/((-1)/7). Let v be (8/(-5))/(s/(-180)). Let o(r) = r**3 - 4*r**2 - 3*r + 2. Let i be o(5). What is the highest common factor of i and v?
12
Let i(u) = u**2 + 4*u + 2. Let m be i(-4). Suppose -z = -2*w - 19, m*w + 69 = 4*z - 19. What is the greatest common divisor of z and 115?
23
Let m = -14 + 9. Let x = m - -13. Let f = 15 - x. Calculate the greatest common factor of f and 7.
7
Let m(v) = v**2 - 4*v - 3. Let t be m(-2). Suppose 10 = -2*n + 8, -2*r + 20 = -2*n. What is the highest common divisor of t and r?
9
Let f = -1 - -51. Suppose 2*n - f = -3*n. What is the greatest common divisor of n and 50?
10
Let f = 1 + 4. What is the greatest common divisor of f and 25?
5
Let m = -10 - -26. Suppose y + 120 = 4*y. What is the greatest common divisor of m and y?
8
Suppose -4*m + 18 = 2*b, 0 = b + b + 6. Suppose -4*z + 14 - 2 = 0. What is the greatest common factor of z and m?
3
Let m be (21/5 + -1)*(6 + -1). What is the highest common factor of m and 32?
16
Suppose -4*n + 72 = 14*n. Suppose -b + 4 = -0*b. Calculate the greatest common divisor of b and n.
4
Let q be (6/(-9))/(4/(-30)). Suppose -s - 3*n + q = -0*n, -5*s = 3*n - 13. Suppose x = -s*o - 3 + 6, o - x = 6. What is the greatest common divisor of 24 and o?
3
Let l(n) = n**3 + 7*n**2 + 5*n + 1. Let o be (1 + -2)/(-1)*3. Suppose 0 = o*v + 19 - 1. Let a be l(v). What is the highest common divisor of 35 and a?
7
Suppose -10 = -0*s - 2*s. Suppose -o - 3*w = 7, -5*o + 2 = w - s. Suppose -u = -8 - 2. Calculate the greatest common factor of o and u.
2
Let t(p) = 2*p. Let f be t(5). Calculate the highest common divisor of 20 and f.
10
Let m be (-2)/(-6) - (-95)/3. Suppose 0*z - z = -425. Suppose 0*k + 5*g - 55 = -k, 5*g = 5*k - z. Calculate the greatest common divisor of m and k.
16
Let r = -1 + 15. Suppose -3*k + 6*k = 5*o + 2, 2*k - 2*o - 4 = 0. Let h be 70/k*(2 + 0). Calculate the greatest common divisor of r and h.
7
Let q(g) = -g + 1. Let a be q(-3). Suppose a*j - 2*v = -9 - 17, 3*j - 2*v + 18 = 0. Let w = j + 17. What is the highest common divisor of w and 72?
9
Let s(b) = b**2 + 4*b + 5. Let y be s(-5). Calculate the highest common divisor of y and 5.
5
Suppose -4*g - 44 = -4*w, 1 = -5*g - 2*w - 47. Let t(p) = -p**2 - 12*p + 4. Let j be t(g). What is the greatest common divisor of j and 3?
3
Let a(w) = -2*w**2 - 2*w + 1. Let r be a(-2). Let l be (-1 - r) + (36 - -6). What is the highest common divisor of l and 11?
11
Suppose 0 = -5*o + 69 - 4. Let q = -9 + o. Calculate the greatest common factor of 16 and q.
4
Let g(x) = x**2 - 2. Let q be g(2). What is the highest common divisor of 10 and q?
2
Suppose 5*n - 4*a = 2, -2*n = -5*n + 2*a. Let u be 330/18 - n/3. What is the greatest common divisor of u and 57?
19
Suppose 1 = -3*z - 104. Let u = -51 - z. Let t = u + 71. What is the highest common divisor of t and 22?
11
Suppose -4*y - 21 = -2*s - 5, y + 49 = 5*s. What is the greatest common divisor of 5 and s?
5
Let u = -232 - -365. Suppose 2*j + 5*r - 15 = 16, -4*j + 47 = -5*r. Let t = j - -6. What is the greatest common factor of u and t?
19
Suppose 3 = 3*s - 21. Let m = s + -1. What is the greatest common divisor of 49 and m?
7
Suppose -2*p = -u - 4, -7*u + 5*p - 1 = -3*u. Suppose -5 - 1 = -3*c, 0 = -2*l + 4*c + 124. Calculate the greatest common divisor of l and u.
6
Suppose -3*d = -3*j - 39, -2*j + j - 2 = 0. Suppose n - 199 = -2*r, -3*r = -n - 0*n - 296. What is the greatest common divisor of r and d?
11
Let l be (-2)/9 + (-438)/(-27). Let w be (-1)/(((-9)/6)/3). Let g = w - 0. What is the highest common factor of g and l?
2
Let m be 3/(-6)*-112 - -2. What is the highest common factor of m and 406?
58
Let i(v) = -v + 61. Let q be i(0). Let w = q + -35. Suppose -w = -4*z + 34. Calculate the highest common factor of 45 and z.
15
Let b(f) = -3*f - 1. Let s be b(-1). Suppose -l + 36 = s*l. Calculate the highest common divisor of 3 and l.
3
Suppose 5*a = 5*o - 3*o, 0 = 4*o - 2*a - 16. Let b(z) = z**2 - 3*z + 3. Let c be b(3). Suppose 11 = c*j - 124. What is the highest common factor of j and o?
5
Let t = 0 + 10. Let n be 2/3 + t/(-15). Suppose -2*y + 162 = 4*b - n*b, 5*b + 2*y = 204. Calculate the greatest common factor of 14 and b.
14
Suppose -6 = -7*c + 6*c. Suppose -c = -b + 5. Calculate the greatest common factor of b and 44.
11
Let r be 73 - (0 + 5/5). Calculate the greatest common factor of 48 and r.
24
Let f = 0 + 2. Let u be (-18)/12 + (-1)/f. Let v be 1/((-2)/(-4)) - u. Calculate the greatest common factor of v and 4.
4
Let v be 2/(-12) + (-247)/(-78). Calculate the greatest common divisor of 69 and v.
3
Suppose 4*v + 8 = 0, -3*d - 3*v + 619 = v. What is the highest common divisor of d and 11?
11
Let d = 315 - 183. Suppose -q = -4*q + d. Calculate the highest common divisor of q and 11.
11
Let z be (-2)/(-8) - 30/(-8). Calculate the highest common divisor of 8 and z.
4
Let p be (-56)/6*(-1 + -5). Let u(f) = -3*f - 1. Let j be u(-1). Let m be (-46)/(-6) + j/(-3). What is the highest common factor of p and m?
7
Let y = -26 - -39. Let h be (-111)/(-9) - (-2)/3. What is the greatest common factor of y and h?
13
Suppose -m - 3*y = -17, -21 = 4*m - 9*m + y. Calculate the highest common factor of m and 25.
5
Let h be (1 + 0/2)*5. Suppose z - 32 = 8. Calculate the highest common factor of z and h.
5
Let n be (8/(-5))/((-2)/5). Suppose 0 = n*h - 22 - 106. What is the highest common divisor of h and 4?
4
Let i be (15/5)/(2